99. Determine a(-34).
-403
Let w(s) = -101*s**2 - 809*s + 642. Calculate w(-9).
-258
Let z(d) = -2*d**3 + 126*d**2 + 1453*d + 26021. Give z(75).
-4
Let q(j) = 22635*j - 294224. Determine q(13).
31
Let i(m) = -7*m**2 + 61484*m + 553918. Determine i(-9).
-5
Let p(n) = 8*n + 2595. Give p(36).
2883
Let n(l) = -742*l - 45673. Determine n(-61).
-411
Let p(m) = -340*m**2 + 51680*m - 74. Determine p(152).
-74
Let q(z) = 1257*z - 9028. What is q(7)?
-229
Let h(y) = -y**2 - 129843*y + 259690. Calculate h(2).
0
Let b(v) = -3*v**3 + 210*v**2 + 218*v - 76. Calculate b(71).
279
Let j(b) = 2*b**2 + 5952*b - 71726. Calculate j(12).
-14
Let r(i) = 62*i**3 + 22*i**2 + 2*i + 18. Determine r(4).
4346
Let g(l) = l**2 - 158*l - 4154. Calculate g(-25).
421
Let a(g) = 22*g**3 + g**2 - 83*g + 243. Determine a(3).
597
Let t(b) = -238*b - 6955. Determine t(-23).
-1481
Let u(n) = -5*n**2 - 1348*n + 6886. Give u(5).
21
Let m(n) = -25*n**2 + 1341*n - 17902. Give m(25).
-2
Let y(k) = -55*k**2 + 819*k + 702. Determine y(16).
-274
Let a(j) = j**3 + 16336*j**2 - 49037*j + 56. Calculate a(3).
-4
Let h(t) = -24*t**2 - 9130*t - 36123. What is h(-4)?
13
Let n(m) = -659151*m - 5273272. Give n(-8).
-64
Let d(a) = -541*a + 18678. Calculate d(35).
-257
Let u(t) = -290*t**3 - 258*t**2 + 270*t - 12. What is u(1)?
-290
Let q(x) = -3*x**2 - 84*x + 793. Give q(9).
-206
Let d(r) = -59393*r + 534520. Calculate d(9).
-17
Let s(k) = -17100*k - 273592. Calculate s(-16).
8
Let f(z) = 228*z - 15629. Calculate f(69).
103
Let h(l) = l**3 - 94*l**2 + 64*l + 11016. Determine h(92).
-24
Let o(f) = 89*f**3 - 17*f**2 - 7*f + 11. Give o(-1).
-88
Let z(q) = -1025*q - 229608. What is z(-224)?
-8
Let i(s) = 7*s**2 + 565*s - 1688. Give i(3).
70
Let i(k) = k**2 - 201*k + 9834. Calculate i(92).
-194
Let u(l) = l**2 + 509*l + 9357. Give u(-19).
47
Let l(x) = 1766*x - 112971. Calculate l(64).
53
Let x(v) = -34*v**2 + 528*v - 1534. Give x(3).
-256
Let r(w) = 151317*w + 14829064. Calculate r(-98).
-2
Let x(m) = -5*m**2 + 262*m - 1198. What is x(47)?
71
Let a(b) = -b**3 - 170*b**2 - 799*b + 4296. Give a(-165).
6
Let h(q) = 483016*q + 1932039. Determine h(-4).
-25
Let y(v) = 5*v**2 + 249*v + 195. What is y(-48)?
-237
Let k(t) = t**2 + 37*t - 519. Calculate k(0).
-519
Let y(p) = -2758*p - 173798. Give y(-63).
-44
Let x(z) = z**3 - 218*z**2 - 1012*z + 27534. What is x(222)?
6
Let b(w) = 9*w**2 - 46*w + 173. Calculate b(8).
381
Let v(i) = i**3 + 83*i**2 - 2074*i - 1387. Give v(-103).
55
Let p(h) = -h**3 + 4*h**2 + 138*h - 5259. Calculate p(-19).
422
Let j(m) = -m**3 - 25*m**2 + 99*m + 1122. What is j(-10)?
-1368
Let a(t) = 135*t - 2571. Give a(19).
-6
Let f(s) = -3*s**2 - 151*s + 1519. Determine f(-58).
185
Let p(l) = 2*l**3 + 15*l**2 - 18*l + 108. Determine p(0).
108
Let m(y) = 22*y**2 + 655*y + 62. Give m(-30).
212
Let l(u) = -12*u**3 - 9*u**2 + 562*u + 1674. Calculate l(-3).
231
Let s(x) = -x**3 + 14*x**2 + 377*x - 248. Calculate s(28).
-668
Let u(o) = 43743*o + 1006056. Calculate u(-23).
-33
Let l(y) = -28*y - 5561. Determine l(-199).
11
Let a(u) = u**2 - 859*u + 13562. Give a(16).
74
Let j(a) = 2*a**3 - 120*a**2 - 249*a + 458. Determine j(62).
396
Let y(v) = 177*v - 103195. Give y(583).
-4
Let u(g) = -g**3 + 40*g**2 - 251*g + 6576. Determine u(38).
-74
Let a(x) = 47*x**3 + 7753*x**2 - 337*x - 280. Give a(-165).
875
Let y(l) = -5*l**2 + 198*l + 7190. Calculate y(-23).
-9
Let t(a) = -a**3 + 52*a**2 - 156*a + 367. Give t(49).
-74
Let m(h) = -7*h**2 - 52*h + 33914. What is m(66)?
-10
Let m(o) = -79546*o - 2545450. What is m(-32)?
22
Let y(o) = 7*o**2 - 503*o - 17610. Give y(-33).
6612
Let h(j) = -3*j**3 + 26*j**2 + 381*j - 3343. What is h(9)?
5
Let n(d) = d**2 - 3875*d + 65587. What is n(17)?
1
Let u(n) = 221*n + 13953. Calculate u(-56).
1577
Let h(p) = -5*p**3 + 51*p**2 + 170*p - 1452. Give h(11).
-66
Let f(y) = 130*y**2 - 1251*y + 2. What is f(10)?
492
Let z(h) = -h**2 - 34987*h - 594494. Determine z(-17).
-4
Let f(i) = -23*i**2 + 242*i - 724. Determine f(3).
-205
Let o(i) = -i**2 - 219*i - 1141. What is o(-213)?
137
Let x(f) = -8*f**3 - 324*f**2 - 474*f - 116. Determine x(-39).
118
Let r(q) = 9*q**2 - 323*q + 2562. Give r(24).
-6
Let q(d) = 17442*d - 523051. Give q(30).
209
Let d(z) = -9242*z + 73930. Calculate d(8).
-6
Let x(r) = -r**3 - 162*r**2 + 300*r - 4464. Calculate x(-164).
128
Let b(f) = 34652*f - 172648. Determine b(5).
612
Let a(p) = 2*p**2 - 62*p - 524. What is a(-7)?
8
Let b(z) = 2638*z + 2645. Calculate b(-1).
7
Let h(q) = 4*q**3 + 57*q**2 + 262*q + 924. Give h(-10).
4
Let r(h) = -141967*h + 8092120. Calculate r(57).
1
Let w(x) = 3*x**3 + 95*x**2 - 586*x + 134. Determine w(-37).
-88
Let u(j) = j**3 + 57*j**2 - 239*j + 490. Calculate u(-61).
185
Let l(c) = -73*c**3 + 65*c**2 + 108*c + 4. Give l(-1).
34
Let l(r) = -300*r - 78048. Give l(-260).
-48
Let g(k) = -k**3 + 30*k**2 - 193*k + 31. What is g(5)?
-309
Let m(v) = -43*v**3 + v**2 - 481*v + 1403. Determine m(3).
-1192
Let m(h) = 219*h - 5581. Give m(26).
113
Let n(g) = -264*g**3 - g**2 + 4*g + 5. Calculate n(-1).
264
Let l(o) = 11*o**2 + 2432*o - 22546. Calculate l(-230).
-6
Let m(k) = 16376*k + 3095065. Give m(-189).
1
Let d(q) = -2351*q + 209258. Give d(89).
19
Let b(a) = -15*a + 1808. What is b(152)?
-472
Let p(v) = -5572*v - 83573. Determine p(-15).
7
Let q(i) = -548009*i - 2192137. Give q(-4).
-101
Let j(g) = -37*g**2 + 212*g + 309. Determine j(7).
-20
Let r(m) = -m**2 - 41*m + 391. Calculate r(-49).
-1
Let f(w) = 14*w**2 - 3*w - 806. Give f(-7).
-99
Let r(n) = 2015*n + 108881. What is r(-54)?
71
Let y(b) = b**3 + 233*b**2 - 783*b - 17723. Determine y(-236).
-23
Let t(p) = 2*p**3 - 4*p**2 - 4300*p + 8597. Determine t(2).
-3
Let c(h) = -4*h**2 - 2498*h - 9907. Calculate c(-4).
21
Let p(i) = -2*i**3 - 108*i**2 + 258*i + 13768. Give p(-54).
-164
Let x(v) = 1395*v + 344570. What is x(-247)?
5
Let b(p) = -36*p**2 + 2766*p + 398. What is b(77)?
-64
Let s(v) = v**3 + 14*v**2 - 171*v - 2042. What is s(-17)?
-2
Let z(v) = -4849*v - 625501. Give z(-129).
20
Let j(n) = -142*n**2 - 24088*n + 33170. Calculate j(-171).
-4
Let b(l) = -9*l**3 - 28*l**2 - 39*l - 169. Give b(-4).
115
Let a(f) = -172506*f + 26565925. Give a(154).
1
Let g(m) = -m**3 + 1246*m**2 - 7435*m + 12. Give g(6).
42
Let d(u) = 330*u + 6560. Determine d(-18).
620
Let j(f) = 72*f**2 - 225*f + 54. Calculate j(5).
729
Let l(q) = 450*q + 1157. Determine l(-2).
257
Let f(c) = 972*c - 1625. Give f(1).
-653
Let q(z) = 365*z - 8818. What is q(24)?
-58
Let l(t) = 158*t + 18142. Determine l(-112).
446
Let f(o) = 47*o**2 + 758*o + 5314. Give f(-7).
2311
Let v(r) = -6*r**3 - 12*r**2 + 193*r + 572. Calculate v(-4).
-8
Let i(f) = -f**2 - 144*f + 12599. What is i(63)?
-442
Let r(v) = v**3 - 61*v**2 + 702*v - 47333. Calculate r(62).
35
Let n(v) = -14*v**2 + 288*v + 102. What is n(22)?
-338
Let r(x) = -49*x**2 - 460*x - 446. Calculate r(-1).
-35
Let d(g) = -55738*g + 2062531. What is d(37)?
225
Let n(z) = -5*z**2 + 33*z + 819. Calculate n(17).
-65
Let f(d) = 13*d**3 + 6807*d**2 - 2455*d + 86469. Give f(-524).
9
Let h(q) = q**3 + 20*q**2 - 6*q - 538. What is h(0)?
-538
Let m(t) = 9966*t + 268342. Determine m(-27).
-740
Let t(l) = -3*l**3 + 36*l**2 - 27*l - 886. Determine t(-4).
-10
Let z(u) = 37*u**2 - 237*u - 116. Determine z(7).
38
Let u(o) = 4895*o - 39189. Determine u(8).
-29
Let n(f) = 468*f + 32788. What is n(-70)?
28
Let r(j) = j**3 - 177*j**2 + 662*j + 5105. Calculate r(173).
-85
Let b(n) = -17141*n + 1491273. Calculate b(87).
6
Let s(y) = y**3 + 180*y**2 + 1286*y - 706. What is s(-8)?
14
Let n(t) = -708*t - 237342. What is n(-335)?
-162
Let h(n) = -280*n - 237713. Determine h(-849).
7
Let y(a) = -56194*a + 1404847. Give y(25).
-3
Let u(v) = -12171*v - 36503. What is u(-3)?
10
Let m(z) = 400*z**2 + 25188*z - 753. Give m(-63).
3
Let g(s) = -214631*s - 28. Give g(0).
-28
Let p(f) = 406974*f + 2034867. Determine p(-5).
-3
Let c(k) = -4799*k + 39026. What is c(8)?
634
Let a(t) = t**2 + 569*t - 7891. What is a(15)?
869
Let s(r) = 36*r**3 + 4*r**2 + 30*r + 90. Give s(-3).
-936
Let i(f) = 1812*f + 43. What is i(0)?
43
Let m(a) = 2*a**2 - 239*a - 137306. Calculate m(-209).
7
Let j(i) = 2859*i + 177253. Give j(-62).
-5
Let r(n) = 75544*n + 151084. Calculate r(-2).
-4
Let p(b) = b**3 + 182*b**2 + 1209*b - 26